{"id":198,"date":"2024-06-10T15:25:43","date_gmt":"2024-06-10T13:25:43","guid":{"rendered":"https:\/\/esaconseils.fr\/?page_id=198"},"modified":"2024-10-23T16:01:40","modified_gmt":"2024-10-23T14:01:40","slug":"formations-duerp","status":"publish","type":"page","link":"https:\/\/esaconseils.fr\/index.php\/formations-duerp\/","title":{"rendered":"Formations DUERP"},"content":{"rendered":"\n<div class=\"wp-block-group is-content-justification-left is-layout-constrained wp-container-core-group-is-layout-44ff0204 wp-block-group-is-layout-constrained\" style=\"border-radius:5px\">\n<h3 class=\"wp-block-heading has-ti-accent-secondary-color has-text-color has-link-color wp-elements-5854951440fac54203dfa475e5f90b61\">Se former dans l&rsquo;\u00e9laboration du Document unique d&rsquo;Evaluation des risques professionnels (DUERP)<\/h3>\n\n\n\n<p style=\"font-size:clamp(22.041px, 1.378rem + ((1vw - 3.2px) * 1.702), 36px);\"><strong>A partir de 2 jours<\/strong><\/p>\n\n\n\n<figure class=\"wp-block-table\"><table class=\"has-background\" style=\"background:linear-gradient(135deg,rgb(74,234,220) 0%,rgb(151,120,209) 0%,rgba(207,41,185,0.18) 0%,rgba(237,43,130,0.77) 68%,rgba(250,97,191,0.34) 82%,rgba(180,135,191,0.28) 93%)\"><tbody><tr><td><strong>Dur\u00e9e<\/strong><\/td><td><strong>A d\u00e9finir en fonction de la taille de l&rsquo;entreprise et secteur d&rsquo;activit\u00e9<\/strong><\/td><\/tr><tr><td><strong>Tarifs<\/strong><\/td><td><strong>Sur Devis<\/strong> <strong>suivant crit\u00e8res ci-dessus<\/strong><br><strong>Tarif de base minimum = 1260\u20ac TTC pour 14 H<\/strong><\/td><\/tr><tr><td><strong>Dates<\/strong><\/td><td><strong>Nous contacter<\/strong><\/td><\/tr><\/tbody><\/table><figcaption class=\"wp-element-caption\"><strong>Formation individuel sur site ou en centre de formation<\/strong><\/figcaption><\/figure>\n<\/div>\n\n\n\n<div class=\"wp-block-cover is-light\"><span aria-hidden=\"true\" class=\"wp-block-cover__background has-background-dim\" style=\"background-color:#9b999c\"><\/span><img loading=\"lazy\" decoding=\"async\" width=\"1367\" height=\"1000\" class=\"wp-block-cover__image-background wp-image-176\" alt=\"\" src=\"http:\/\/esaconseils.fr\/wp-content\/uploads\/2024\/06\/PHOTO-DUERP.png\" data-object-fit=\"cover\" srcset=\"https:\/\/esaconseils.fr\/wp-content\/uploads\/2024\/06\/PHOTO-DUERP.png 1367w, https:\/\/esaconseils.fr\/wp-content\/uploads\/2024\/06\/PHOTO-DUERP-300x219.png 300w, https:\/\/esaconseils.fr\/wp-content\/uploads\/2024\/06\/PHOTO-DUERP-1024x749.png 1024w, https:\/\/esaconseils.fr\/wp-content\/uploads\/2024\/06\/PHOTO-DUERP-768x562.png 768w\" sizes=\"auto, (max-width: 1367px) 100vw, 1367px\" \/><div class=\"wp-block-cover__inner-container is-layout-flow wp-block-cover-is-layout-flow\">\n<p class=\"has-text-align-center has-large-font-size\"><\/p>\n<\/div><\/div>\n\n\n\n<div data-wp-interactive=\"core\/file\" class=\"wp-block-file\"><object data-wp-bind--hidden=\"!state.hasPdfPreview\" hidden class=\"wp-block-file__embed\" data=\"https:\/\/esaconseils.fr\/wp-content\/uploads\/2024\/10\/programme-duerp-06-24-1.pdf\" type=\"application\/pdf\" style=\"width:100%;height:600px\" aria-label=\"Contenu embarqu\u00e9 programme duerp 06-24.\"><\/object><a id=\"wp-block-file--media-13031f20-800a-4139-89c5-7f1cfa41519a\" href=\"https:\/\/esaconseils.fr\/wp-content\/uploads\/2024\/10\/programme-duerp-06-24-1.pdf\">programme duerp 06-24<\/a><a href=\"https:\/\/esaconseils.fr\/wp-content\/uploads\/2024\/10\/programme-duerp-06-24-1.pdf\" class=\"wp-block-file__button wp-element-button\" download aria-describedby=\"wp-block-file--media-13031f20-800a-4139-89c5-7f1cfa41519a\">T\u00e9l\u00e9charger<\/a><\/div>\n","protected":false},"excerpt":{"rendered":"<p>Se former dans l&rsquo;\u00e9laboration du Document unique d&rsquo;Evaluation des risques professionnels (DUERP) A partir de 2 jours Dur\u00e9e A d\u00e9finir en fonction de la taille de l&rsquo;entreprise et secteur d&rsquo;activit\u00e9 Tarifs Sur Devis suivant crit\u00e8res ci-dessusTarif de base minimum = 1260\u20ac TTC pour 14 H Dates Nous contacter Formation individuel sur site ou en centre [&hellip;]<\/p>\n","protected":false},"author":1,"featured_media":0,"parent":0,"menu_order":0,"comment_status":"closed","ping_status":"closed","template":"","meta":{"footnotes":""},"class_list":["post-198","page","type-page","status-publish","hentry"],"_links":{"self":[{"href":"https:\/\/esaconseils.fr\/index.php\/wp-json\/wp\/v2\/pages\/198","targetHints":{"allow":["GET"]}}],"collection":[{"href":"https:\/\/esaconseils.fr\/index.php\/wp-json\/wp\/v2\/pages"}],"about":[{"href":"https:\/\/esaconseils.fr\/index.php\/wp-json\/wp\/v2\/types\/page"}],"author":[{"embeddable":true,"href":"https:\/\/esaconseils.fr\/index.php\/wp-json\/wp\/v2\/users\/1"}],"replies":[{"embeddable":true,"href":"https:\/\/esaconseils.fr\/index.php\/wp-json\/wp\/v2\/comments?post=198"}],"version-history":[{"count":7,"href":"https:\/\/esaconseils.fr\/index.php\/wp-json\/wp\/v2\/pages\/198\/revisions"}],"predecessor-version":[{"id":304,"href":"https:\/\/esaconseils.fr\/index.php\/wp-json\/wp\/v2\/pages\/198\/revisions\/304"}],"wp:attachment":[{"href":"https:\/\/esaconseils.fr\/index.php\/wp-json\/wp\/v2\/media?parent=198"}],"curies":[{"name":"wp","href":"https:\/\/api.w.org\/{rel}","templated":true}]}}