{"id":264,"date":"2024-06-14T14:27:14","date_gmt":"2024-06-14T12:27:14","guid":{"rendered":"https:\/\/esaconseils.fr\/?page_id=264"},"modified":"2024-06-14T14:27:14","modified_gmt":"2024-06-14T12:27:14","slug":"qui-sommes-nous-2","status":"publish","type":"page","link":"https:\/\/esaconseils.fr\/index.php\/qui-sommes-nous-2\/","title":{"rendered":"Qui sommes nous &#8230;"},"content":{"rendered":"\n<div class=\"wp-block-group alignfull has-ti-bg-alt-background-color has-background is-layout-flow wp-container-core-group-is-layout-e7b77ced wp-block-group-is-layout-flow\" style=\"margin-top:0px;margin-bottom:0px;padding-top:0;padding-right:0;padding-bottom:0;padding-left:0\">\n<div class=\"wp-block-columns alignwide are-vertically-aligned-center has-ti-fg-alt-color has-ti-bg-inv-background-color has-text-color has-background has-link-color wp-elements-43e74484f504ef65f118fffc0aef85ef is-layout-flex wp-container-core-columns-is-layout-d7d455e7 wp-block-columns-is-layout-flex\" style=\"padding-top:0;padding-right:0;padding-bottom:0;padding-left:0\">\n<div class=\"wp-block-column is-vertically-aligned-center is-layout-flow wp-block-column-is-layout-flow\" style=\"flex-basis:50%\">\n<div class=\"wp-block-cover\" style=\"padding-top:24px;padding-right:24px;padding-bottom:24px;padding-left:24px;min-height:600px;aspect-ratio:unset;\"><span aria-hidden=\"true\" class=\"wp-block-cover__background has-ti-accent-background-color has-background-dim-0 has-background-dim\"><\/span><img loading=\"lazy\" decoding=\"async\" width=\"640\" height=\"640\" class=\"wp-block-cover__image-background wp-image-266\" alt=\"\" src=\"https:\/\/esaconseils.fr\/wp-content\/uploads\/2024\/06\/clarisse.png\" data-object-fit=\"cover\" srcset=\"https:\/\/esaconseils.fr\/wp-content\/uploads\/2024\/06\/clarisse.png 640w, https:\/\/esaconseils.fr\/wp-content\/uploads\/2024\/06\/clarisse-300x300.png 300w, https:\/\/esaconseils.fr\/wp-content\/uploads\/2024\/06\/clarisse-150x150.png 150w\" sizes=\"auto, (max-width: 640px) 100vw, 640px\" \/><div class=\"wp-block-cover__inner-container is-layout-flow wp-block-cover-is-layout-flow\">\n<p class=\"has-text-align-center has-ti-fg-alt-color has-text-color has-large-font-size\"><\/p>\n<\/div><\/div>\n<\/div>\n\n\n\n<div class=\"wp-block-column is-vertically-aligned-center is-layout-flow wp-block-column-is-layout-flow\" style=\"padding-top:64px;padding-right:24px;padding-bottom:64px;padding-left:24px;flex-basis:50%\">\n<div class=\"wp-block-group is-layout-constrained wp-block-group-is-layout-constrained\">\n<p class=\"has-small-font-size\" style=\"text-transform:uppercase\"><\/p>\n\n\n\n<h2 class=\"wp-block-heading\">L&rsquo;histoire d&rsquo;ESA CONSEILS<\/h2>\n\n\n\n<p>ESA CONSEILS existe depuis 2020 mais en r\u00e9alit\u00e9 elle est bien plus ancienne. En effet, auparavant elle avait une grande s\u0153ur \u00e2g\u00e9e de plus de 40 ans. Cette premi\u00e8re soci\u00e9t\u00e9 a \u00e9t\u00e9 cr\u00e9\u00e9e par M.BOUCHET ALAIN.<\/p>\n\n\n\n<p>J&rsquo;ai commenc\u00e9 l&rsquo;aventure avec mon p\u00e8re en 2014. Tous les deux nous avons une grande compl\u00e9mentarit\u00e9, lui pr\u00e9f\u00e9rant le c\u00f4t\u00e9 juridique et moi les payes. Bien entendu nous avons d&rsquo;autres sp\u00e9cialit\u00e9s tels que, l&rsquo;\u00e9valuation des risques professionnels, le conseil en droit du travail &#8230;<\/p>\n\n\n\n<p>Au quotidien, je formais mes clients alors j&rsquo;ai eu la folle id\u00e9e de cr\u00e9er un organisme de formation certifi\u00e9 Qualiopi ! Nos clients peuvent ainsi obtenir une prise en charge par l&rsquo;OPCO dont ils rel\u00e8vent.  Au d\u00e9part, je me suis concentr\u00e9e sur les formations en relation avec les payes, et nous avions de plus en plus de demandes pour l&rsquo;\u00e9valuation des risques professionnels. J&rsquo;ai donc d\u00e9velopp\u00e9 cette formation.<\/p>\n\n\n\n<p>Je suis \u00e0 l\u2019\u00e9coute pour vous accompagner dans tous vos projets de formation en payes et \u00e9valuation des risques professionnels.<\/p>\n\n\n\n<div class=\"wp-block-columns is-layout-flex wp-container-core-columns-is-layout-28f84493 wp-block-columns-is-layout-flex\">\n<div class=\"wp-block-column is-layout-flow wp-block-column-is-layout-flow\">\n<hr class=\"wp-block-separator has-alpha-channel-opacity is-style-wide\"\/>\n\n\n\n<p class=\"has-small-font-size\"><strong>Clarisse Bouchet <\/strong><\/p>\n\n\n\n<p>Formatrice<\/p>\n<\/div>\n<\/div>\n<\/div>\n<\/div>\n<\/div>\n<\/div>\n","protected":false},"excerpt":{"rendered":"<p>L&rsquo;histoire d&rsquo;ESA CONSEILS ESA CONSEILS existe depuis 2020 mais en r\u00e9alit\u00e9 elle est bien plus ancienne. En effet, auparavant elle avait une grande s\u0153ur \u00e2g\u00e9e de plus de 40 ans. Cette premi\u00e8re soci\u00e9t\u00e9 a \u00e9t\u00e9 cr\u00e9\u00e9e par M.BOUCHET ALAIN. J&rsquo;ai commenc\u00e9 l&rsquo;aventure avec mon p\u00e8re en 2014. Tous les deux nous avons une grande compl\u00e9mentarit\u00e9, [&hellip;]<\/p>\n","protected":false},"author":1,"featured_media":0,"parent":0,"menu_order":0,"comment_status":"closed","ping_status":"closed","template":"","meta":{"footnotes":""},"class_list":["post-264","page","type-page","status-publish","hentry"],"_links":{"self":[{"href":"https:\/\/esaconseils.fr\/index.php\/wp-json\/wp\/v2\/pages\/264","targetHints":{"allow":["GET"]}}],"collection":[{"href":"https:\/\/esaconseils.fr\/index.php\/wp-json\/wp\/v2\/pages"}],"about":[{"href":"https:\/\/esaconseils.fr\/index.php\/wp-json\/wp\/v2\/types\/page"}],"author":[{"embeddable":true,"href":"https:\/\/esaconseils.fr\/index.php\/wp-json\/wp\/v2\/users\/1"}],"replies":[{"embeddable":true,"href":"https:\/\/esaconseils.fr\/index.php\/wp-json\/wp\/v2\/comments?post=264"}],"version-history":[{"count":4,"href":"https:\/\/esaconseils.fr\/index.php\/wp-json\/wp\/v2\/pages\/264\/revisions"}],"predecessor-version":[{"id":270,"href":"https:\/\/esaconseils.fr\/index.php\/wp-json\/wp\/v2\/pages\/264\/revisions\/270"}],"wp:attachment":[{"href":"https:\/\/esaconseils.fr\/index.php\/wp-json\/wp\/v2\/media?parent=264"}],"curies":[{"name":"wp","href":"https:\/\/api.w.org\/{rel}","templated":true}]}}